 s is divided by k?
12
Suppose -556 = 2*n + 1810. Let y = -556 - n. What is the remainder when y is divided by 105?
102
Let o = -237670 - -237691. Let a = -441 - -619. Suppose a = 3*p - 197. Calculate the remainder when p is divided by o.
20
Suppose 3*l - 1 - 11 = 0. Let k(o) = 100*o - 18. What is the remainder when k(l) is divided by 48?
46
Suppose 19 = m - z, -5 = z - 3. What is the remainder when m is divided by 155/31 + 1*4?
8
Let k(m) = -9*m + 3. Let v be k(3). Let p(o) = -o**3 + 2*o**2 - o - 5. Let l be p(3). Let y = l - v. What is the remainder when y is divided by 3?
1
Let t be (112/(-20))/(2/(-5)). Suppose 5*j + 86 = 2*c, 0*j = -4*c - 5*j + 202. What is the remainder when c is divided by 8/t - 462/(-49)?
8
Suppose -105*p + 29448 = -147792. What is the remainder when p is divided by 840?
8
Suppose 6*x = 3*x + 81. Let k(o) = -o**3 + 37*o**2 + 176*o - 149. Calculate the remainder when x is divided by k(-5).
6
Suppose -o - 2*s + 3 = 0, o - 9 = 2*s - 2. Suppose o*w - h = 788, -619 = -3*w - w - 3*h. Calculate the remainder when w is divided by 41.
34
Let k(g) = g + 51. Let n = -62 - -80. Calculate the remainder when k(0) is divided by (-3)/(((-1)/(-8))/(n/(-24))).
15
Suppose -5*r + 746 = 726. Let u(x) be the second derivative of -x**4/6 + 3*x**3/2 - x**2/2 - 2*x. What is the remainder when 19 is divided by u(r)?
1
Let r(g) = -3*g**3 + 21*g**2 + 2*g - 16. Let w be r(7). What is the remainder when 72 is divided by (4/(-12))/(((-4)/(-174))/w)?
14
Calculate the remainder when 0 + 263/3 + (-4)/(-12) is divided by 1*25 + (-22)/11.
19
Let i(r) = r**2 + 20*r - 34. Let c be i(-14). Let b = -114 - c. Suppose -b*k + 318 = -2*k. What is the remainder when k is divided by 40?
39
Let b(i) = i**3 - 22*i**2 + 27*i - 44. What is the remainder when 5980/39 - (-3)/(-9) is divided by b(21)?
71
Calculate the remainder when 1075 is divided by ((-6)/2)/((575/250)/(-23)).
25
Suppose 2*c + 12 = -4*m + 58, 5*c - 155 = -2*m. Calculate the remainder when 1616 is divided by c.
32
Let a(s) = -103*s - 3481. What is the remainder when 18370 is divided by a(-34)?
16
Suppose -8*m + 152 = 3*m - 1025. What is the remainder when 125 is divided by m?
18
Let l = 19 + -14. Suppose 3*z - 379 = l*r, -z + 125 = -2*r - 3. What is the remainder when z is divided by 24?
22
Suppose 13*t + 8 = 21*t. Calculate the remainder when (6/4)/t - (-1419)/6 is divided by 30.
28
Let s be -2 + (-3 + 4)*-1. What is the remainder when (2/4)/(7/658) is divided by (s + 19/(-2))*-2?
22
Let g = 39 + -21. Let a(m) = 7*m - 28. Let h be a(g). Let u = 49 + h. What is the remainder when u is divided by 37?
36
Suppose -18*u + 28 + 26 = 0. Suppose u*i - 224 = -155. Calculate the remainder when i is divided by 8.
7
What is the remainder when 202 is divided by 5 + 88 + (64 - 77)?
42
Let r(g) = -g**2 - 8*g + 7. What is the remainder when (-208)/8*-2 - -2 is divided by r(-7)?
12
Let k(t) = t**3 + 32*t**2 + 6*t - 6. Let x be k(-31). Let l = -747 + x. Suppose 0 = 3*n - 181 - 74. What is the remainder when n is divided by l?
19
Let o(n) = -748*n - 1487. Suppose 5*a + 415 = -2*q, -3*q + 332 = -4*a - 0*q. Let v = a - -152. What is the remainder when v is divided by o(-2)?
6
Suppose -30*y + 2456 = 22*y - 3160. What is the remainder when y is divided by 15?
3
Suppose 0 = -43*x - 4*x + 47. What is the remainder when 57 is divided by (2/(4/54))/x?
3
Suppose -3*h + 26 = -5*d, 31*h = 32*h + 3*d - 4. Calculate the remainder when 162 is divided by h.
1
Let i be (-1)/8*-90 + (-2)/8. Suppose -6*o + 58 = 3*h - i*o, 0 = 5*h - o - 60. What is the remainder when 27 is divided by h?
5
Let p = -27803 + 27811. Let a(u) = u**2 + 6*u + 7. Let k be a(-6). Let t = 28 - k. What is the remainder when t is divided by p?
5
Suppose s - 7 = -4*k + 11, 0 = 5*k + 10. Let b = -90 - -93. Suppose -4*z = -2*v - 57 + 11, -b*v - 24 = -z. What is the remainder when s is divided by z?
8
Let j(z) = 9*z**2 - 22*z + 5. Let t be j(3). Suppose 10*x = -t*x + 1290. What is the remainder when 257 is divided by x?
42
Let s be 1010 - ((-30)/(2 + 4) + 4). Suppose 59*b + 8 = s. What is the remainder when 44 is divided by b?
10
Let i = 128 - 123. Suppose -2*y - 4 = 0, -2*y - 28 = -i*v + 2*y. What is the remainder when (-4)/6 - (177/(-9) - v) is divided by 7?
2
Let n = 758 - 760. Calculate the remainder when 155 is divided by (-103)/n + (-15)/(-30).
51
Suppose -3*i + 2*k = -5*i + 2048, -5*i + 5126 = -k. What is the remainder when i is divided by 18?
17
Let j be (-3)/2 + (-217)/14. What is the remainder when (j - -1413)*2/8 is divided by 21?
13
Let g = 26 - 19. Suppose g*f - 2*x = 2*f + 530, 2*f = 2*x + 212. What is the remainder when f is divided by 2/((-55)/30 + 2)?
10
Suppose -9*h + 40 = -41. Suppose 7*d - h*d = 50. Let y = d + 67. What is the remainder when 165 is divided by y?
39
Suppose 62366 - 51918 = 666*a - 139402. What is the remainder when a is divided by 68?
21
Suppose p - 697 = 6*x - 2*x, 0 = -4*x + 4*p - 712. Let g = x - -193. What is the remainder when g is divided by 8?
4
Let r(d) = -6*d**2 + 424*d - 1055. Suppose -k + 5*v = v - 22, 0 = 2*v - 10. Suppose k = 4*i - 34. Calculate the remainder when r(68) is divided by i.
14
Let b = 4522 + -3859. Calculate the remainder when b is divided by 29.
25
Suppose 27 = 6*f + 3*s, 5*f - 4*s = 7 + 35. Calculate the remainder when 400 is divided by f.
4
Suppose -247 = -23*l + 29. Calculate the remainder when 16/l*426/4 is divided by 21.
16
Let x(v) = 2*v**3 - v**3 + 1 - 2*v**3 + 7*v**2 - 4*v - 3*v. Calculate the remainder when (-6)/(-2) - (-100)/(24/6) is divided by x(3).
12
Let k = -3265 - -3664. What is the remainder when k is divided by 78?
9
Suppose 7*n + 203*n = 73290. Calculate the remainder when n is divided by 11.
8
Suppose -9*c + 65 + 34 = 0. Let y = -247 + 317. Calculate the remainder when y is divided by c.
4
Let m be 70/4*(-24)/(-30). Let j = -4 + m. Suppose 9920*x - 324 = 9908*x. What is the remainder when x is divided by j?
7
Let h be 131 + (1 - (0 - 2))*-1. Suppose -40 = 2*l - h. Suppose 0 = -37*q + 41*q - 688. What is the remainder when q is divided by l?
40
Suppose 133*v - 120*v = 28756. Calculate the remainder when v is divided by 6.
4
Suppose -3*n + 1304 - 35 = 24*n. What is the remainder when 769 is divided by n?
17
Suppose 140 = 5*u - 3*n, -5*u - 5*n + 84 = -2*u. Let b = -3292 - -3515. What is the remainder when b is divided by u?
27
Suppose 0 = -2*t - 0*t + 156. Suppose -213*r + 16*r + 5319 = 0. What is the remainder when t is divided by r?
24
Suppose 20 = -4*h + 52. Suppose -q + h*q + 700 = 0. What is the remainder when q*3/(-6) - -4 is divided by 14?
12
Let n = -28531 + 28545. Calculate the remainder when 23910 is divided by n.
12
Suppose -3*u + 82 = u + 3*b, -5*b + 78 = 4*u. Suppose 16060 + 64439 + 37995 = 454*v. Calculate the remainder when v is divided by u.
19
Let v = 511 + -772. Let i = v - -394. Suppose -2*b = 3*c - 137, 2*c + c = -b + i. Calculate the remainder when 169 is divided by c.
40
Suppose -7*w + w = -18. Let n(u) = 5*u - 8*u**2 - 2*u**w + 4 - 2*u**3 + 6*u**3. What is the remainder when n(5) is divided by 41?
38
Suppose -4*q = -15*q + 861 + 448. What is the remainder when 6306 is divided by q?
118
Let c(p) = -605*p - 319. What is the remainder when c(-1) is divided by 41?
40
Let w be (-2)/10 - (845/25 - -2). Let g = w - -4. Let c = g - -54. Calculate the remainder when 65 is divided by c.
21
Let h(y) = -5744*y + 203. What is the remainder when h(-1) is divided by 50?
47
Let p(x) = x**2 + 76*x + 924. Calculate the remainder when 1168 is divided by p(-61).
7
Suppose -676*q - 23868 = -728*q. What is the remainder when q is divided by 6?
3
Let a = 86 - 66. Suppose -3*n + 12 = -0*n, 4*c + 3*n = 24. Calculate the remainder when -57*2/(-5 + c) is divided by a.
17
Suppose 6*g - 1533 + 399 = -48*g. Calculate the remainder when 4702 is divided by g.
19
Suppose -2*h - 39 = -195. Suppose -13*v - 874 = -51*v. What is the remainder when h is divided by v?
9
Let d(f) be the third derivative of f**6/120 - f**5/20 - f**4/12 - f**2 - 5. Let g(l) = -l + 22. What is the remainder when g(-7) is divided by d(4)?
5
Let o = 58 - 93. Let r = o + 64. What is the remainder when r is divided by 17?
12
Let b(i) = -i**3 + 67*i**2 - 193*i + 90. Suppose 2*w = -w + 465. What is the remainder when w is divided 